mmon divisor of 198 and r.
18
Let m(b) be the second derivative of -b**3/3 - b**2/2 + 27*b. Let w = 3 + -6. Let k be m(w). What is the greatest common factor of k and 45?
5
Suppose 4 = 2*m - 0. Let c(q) = -1 - 6*q**2 - 6*q - 2*q**m + 7*q**2. Let f be c(-4). Calculate the greatest common divisor of f and 63.
7
Let w be 0/(-2*1/(-2)). Let p(o) = w*o**2 - 4*o - 3*o**2 - 5 + 4*o**2. Let z be p(-5). Calculate the greatest common divisor of 16 and z.
8
Let l(o) = 7*o. Let n be l(2). Let w(r) = r - 5. Let b be w(7). Suppose d + f = 3*d - 68, 0 = b*f - 4. Calculate the greatest common divisor of d and n.
7
Suppose t = -2*y - 6 - 5, -2*y = -3*t - 25. Let l = -6 - t. Calculate the highest common divisor of l and 15.
3
Let i = 2 - -2. Let p(v) = -2*v - 7. Let x be p(-6). Suppose x*h - 3*h + 52 = 4*t, i*h + 16 = 0. What is the highest common divisor of 11 and t?
11
Suppose -120 = -25*p + 20*p. Suppose 0 = -2*k + 3*k + 1, -5*q + 47 = 3*k. Let l be 40/(-12)*(-36)/q. Calculate the highest common factor of p and l.
12
Let d(g) = 4*g**2 - 3*g - 34. Let c be d(-4). What is the highest common divisor of 105 and c?
21
Let q(u) = u**3 - 3*u**2 + 3*u. Let a be q(2). Suppose -2*y - a*y = 0. Suppose 3*w - 53 - 55 = y. Calculate the highest common factor of w and 90.
18
Suppose -3*s + 90 - 12 = m, 2*s = 5*m + 52. Let k = 1 - 1. Suppose -d + 39 = -k*d. Calculate the highest common factor of d and s.
13
Let h(f) = 6*f**3 + 2*f**2 - 1. Let u be h(1). Suppose -5*g + 18 = -u. What is the highest common factor of 5 and g?
5
Suppose 461 = -10*f + 13*f + x, -5*f + 767 = 3*x. Let r be 256/18 - 4/18. What is the greatest common factor of r and f?
14
Suppose -3*m + 68 = 2*f - 2*m, -3*m = 12. What is the highest common factor of f and 54?
18
Let z be ((-8)/12)/(2/(-39)). Suppose -5*k - 22 = 233. Let w = k + 142. Calculate the highest common factor of w and z.
13
Let k(c) = 3*c**2 + 6*c + 24. Let p be k(-6). Calculate the greatest common divisor of p and 12.
12
Suppose h = -2*h + 366. Let t be 22/(-165) + h/15. Calculate the greatest common divisor of 4 and t.
4
Let u = 25 - 7. Suppose 2 + u = q. What is the highest common divisor of q and 8?
4
Suppose 0 = -q - 4 + 8. Calculate the greatest common factor of 6 and q.
2
Let w = 156 - 66. What is the greatest common divisor of w and 10?
10
Suppose 0 = s + 3*l - 21, 0 = 3*s - 4*l + 2 - 0. Suppose -s*c + 300 = -c. Let y be 0/(-1) + (1 - -11). Calculate the highest common divisor of y and c.
12
Suppose 20 = 5*i, 2*d + i + 0*i - 24 = 0. Let t = d - 22. Let u be (2 - 2 - 2)*t. Calculate the highest common factor of u and 36.
12
Let n(a) = -a + 13. Let u be n(6). Let x(c) = -c**2 + 7*c + 8. Let q be x(u). What is the highest common factor of 88 and q?
8
Let s = -7 + 3. Let w be -1 - (-2)/(s/(-10)). What is the greatest common factor of 4 and w?
4
Let b(p) be the third derivative of -p**4/8 - 7*p**3/6 + 4*p**2. Let l be b(-5). What is the highest common divisor of 20 and l?
4
Let k be (-80)/(-6) + (-2)/6. Suppose q = -3*x + 16, -5*x + q = 5*q - 29. Let d be (x/(-10))/(1/(-130)). What is the highest common factor of k and d?
13
Let i = -18 - -9. Let b = 1 - i. What is the greatest common divisor of 110 and b?
10
Let j = -9 - -13. Let t be ((-10)/(-8))/(j/272). Calculate the highest common divisor of t and 17.
17
Let p(w) = 4*w**2 - w - 4. Suppose 2*s = -15 + 7. Let o be p(s). Calculate the greatest common factor of 8 and o.
8
Let t be ((-5)/4)/((-2)/8). Suppose -21 = -t*a + 4. Calculate the highest common divisor of 40 and a.
5
Let m = -20 - -30. Suppose -i - 3*i - 16 = 0. Let d be (-12)/(-5) + i/10. Calculate the greatest common factor of d and m.
2
Let f(h) = -h**3 + 6*h**2 + 7*h + 21. Let n be f(7). Calculate the greatest common factor of n and 14.
7
Suppose 0 = -5*t + 7*t - 2. Calculate the highest common divisor of t and 5.
1
Let w = -71 + 121. Let o = 0 - -10. What is the greatest common divisor of w and o?
10
Suppose 4*a + a - 30 = 0. Suppose -10*m + 209 + 271 = 0. What is the greatest common divisor of m and a?
6
Let z(i) = -i**3 - 9*i**2 + 21*i + 9. Let m be z(-11). Suppose 5*u = f - 85, 0 = -3*f + 3*u + 164 + 79. Calculate the highest common factor of m and f.
20
Let o be 4*-1*2/(-2). Suppose o*a + 0*a - 44 = 0. Suppose 0 = 2*i - 3*j - 176, j = i + 2*j - 88. What is the greatest common divisor of a and i?
11
Let y(f) = f**3 - 11*f**2 + 13*f + 15. Let w be y(10). What is the highest common factor of w and 9?
9
Suppose k + 24 = 3*k. What is the highest common factor of k and 108?
12
Suppose -7 = y - 123. Calculate the highest common divisor of y and 29.
29
Let i(q) = q**2 - 17*q + 15. Let f(j) = -j**2 + 18*j - 14. Let k(r) = -4*f(r) - 5*i(r). Let t be k(8). What is the highest common divisor of t and 7?
7
Let v be ((-32)/(-10))/(4/20). Suppose -m + 0*m = 2. Let k = m + v. What is the highest common divisor of k and 154?
14
Let g = 315 - 211. What is the highest common factor of g and 26?
26
Suppose -d + 3 + 4 = 0. What is the greatest common divisor of d and 7?
7
Let a be 3 + 1/1*-2. Let x(t) = 10*t - 10. Let m(p) = p. Let b(y) = a*x(y) - 6*m(y). Let l be b(7). Calculate the highest common divisor of 45 and l.
9
Suppose m + 3*i - 27 = 24, -152 = -2*m + 4*i. What is the greatest common factor of 6 and m?
6
Let m = 5 + -8. Let t(q) = -q**2. Let n(i) = 5*i**2 + 2*i + 1. Let b(y) = n(y) + 2*t(y). Let u be b(m). What is the highest common factor of u and 198?
22
Suppose 5*g - 23 = 177. Let h be (-1)/(-1) + -11 + 3. Let t be (-49)/h + (1 - 0). Calculate the highest common factor of t and g.
8
Let v = 19 - 12. Let r = -13 + 76. Calculate the highest common divisor of r and v.
7
Suppose 2*c - 39 = 19. What is the highest common divisor of 29 and c?
29
Let g = -1 - -14. Suppose 5*w = 4*t + 10, 2 - 12 = -5*w - 5*t. Suppose 5*n = w + 518. What is the greatest common factor of n and g?
13
Let k(d) = -5*d - 6. Let n be k(-4). Suppose -3*l + 1 = -n. What is the highest common factor of l and 40?
5
Let p be (32/(-20))/((-2)/25). What is the highest common factor of 4 and p?
4
Let j be ((-5)/(-3))/(3/18). Calculate the greatest common divisor of j and 50.
10
Let w(y) = y**2 - 21*y + 14. Let g be w(23). Calculate the highest common divisor of g and 24.
12
Let n be 4/2*(-1050)/(-14). What is the highest common factor of 60 and n?
30
Let l(p) = -p + 1. Let d be l(1). Let j(c) = -c**3. Let s be j(d). Suppose 4*h + 2 = -s*v - v, 0 = -h - 1. What is the greatest common divisor of 2 and v?
2
Suppose 3*b - 5*n - 379 = 0, 0 = -5*n + n + 4. What is the highest common divisor of 16 and b?
16
Let p(o) = o**3 - 3*o**2 + 8*o - 3. Let c be p(6). What is the highest common factor of c and 17?
17
Let j(k) = 2*k**2 + 5*k - 3. Let p be j(-4). Suppose -4*u = c - 30, 5*u + 3*c - 9 = 32. Let n = -6 + u. What is the highest common divisor of p and n?
1
Suppose 0 = 5*n - 15, 0 = 4*g + 2*n - 27 - 35. Calculate the greatest common factor of 14 and g.
14
Let p be 32/(-6)*105/12*-3. Calculate the greatest common factor of p and 14.
14
Suppose -3*b - 5 = -32. What is the highest common divisor of 3 and b?
3
Let l = 4 - -14. Calculate the highest common divisor of l and 9.
9
Let q(a) = 13*a - 18. Let t be q(11). What is the greatest common factor of t and 50?
25
Suppose 10 = t + t. Suppose -t*u = 64 - 4. Let v be (-1)/4 - 63/u. What is the greatest common divisor of v and 2?
1
Let s = 19 - 16. Suppose -s*a + 3*d + 75 = 0, 57 = 3*a + 3*d - 0*d. Calculate the greatest common divisor of 66 and a.
22
Suppose 6*g = 8*g - 4. What is the highest common factor of g and 6?
2
Suppose 3*f + 0*t + 4*t - 152 = 0, -3*f + 2*t = -158. What is the highest common divisor of f and 13?
13
Suppose -20 = 5*k, 0 = 2*z - z - 2*k - 10. Suppose 24 + 4 = 2*u. Suppose u = z*d + 2*b - 30, -2*b - 22 = -d. What is the greatest common factor of 11 and d?
11
Let g be 1/2 + 29/2. Let o = -19 + 22. What is the highest common factor of g and o?
3
Let k be (-40)/(-22) + (-2)/(-11). Let b be (-4 - -1)*k/(-2). Suppose b*l - 89 = -5. Calculate the greatest common divisor of 70 and l.
14
Suppose 2*x + 2 = -x - 5*u, 4*u + 4 = 0. Let i(b) = -b**3 - 2*b**2. Let r be i(-3). What is the highest common factor of x and r?
1
Let k = 21 - 9. Calculate the highest common divisor of 96 and k.
12
Let q(i) = i**2 - 3*i - 3. Su